 of 80 and 16?
16
Calculate the highest common divisor of 252 and 1370964.
84
What is the highest common factor of 338000 and 3125?
125
Calculate the highest common divisor of 25498 and 76.
38
What is the greatest common factor of 1472 and 10534?
46
What is the highest common factor of 302 and 17818?
302
Calculate the greatest common divisor of 34701 and 129.
129
What is the highest common factor of 72 and 9739512?
72
What is the highest common factor of 320 and 2360?
40
Calculate the highest common factor of 21 and 27020.
7
Calculate the greatest common divisor of 59886 and 162.
54
What is the highest common divisor of 50817 and 117?
39
What is the highest common divisor of 90036 and 36?
36
Calculate the greatest common factor of 7564 and 5332.
124
What is the highest common divisor of 9306 and 8217?
99
What is the greatest common factor of 125796 and 176?
44
What is the greatest common factor of 3792 and 6288?
48
What is the greatest common factor of 787295 and 1515?
505
What is the highest common divisor of 16312 and 448?
8
Calculate the greatest common factor of 195732 and 48.
12
What is the greatest common factor of 1517 and 37?
37
Calculate the highest common factor of 18 and 6057954.
18
Calculate the greatest common factor of 9125 and 3625.
125
What is the greatest common factor of 35776 and 3328?
832
What is the highest common factor of 434 and 12462?
62
What is the greatest common factor of 794162 and 133?
19
Calculate the highest common divisor of 2454 and 588142.
818
Calculate the greatest common factor of 19107 and 3630.
33
Calculate the highest common factor of 3 and 545133.
3
What is the greatest common divisor of 178 and 320?
2
What is the greatest common divisor of 234 and 7787?
13
What is the highest common factor of 255966 and 222?
222
Calculate the highest common factor of 3969 and 837.
27
What is the greatest common factor of 378168 and 168?
168
Calculate the highest common factor of 4570 and 1329413.
457
Calculate the highest common divisor of 76 and 13357684.
76
Calculate the highest common factor of 4172 and 2072.
28
What is the highest common factor of 21370 and 1570?
10
Calculate the highest common factor of 21091 and 4025.
161
What is the highest common divisor of 8202 and 48?
6
What is the greatest common factor of 21 and 128496?
3
What is the greatest common divisor of 2218 and 28?
2
Calculate the highest common divisor of 8249 and 791.
113
Calculate the greatest common divisor of 436 and 66817.
109
Calculate the greatest common divisor of 24 and 1524.
12
What is the highest common factor of 3599 and 15163?
59
Calculate the greatest common divisor of 84 and 16989.
21
What is the highest common divisor of 13782 and 2262?
6
Calculate the greatest common factor of 2130 and 78455.
355
What is the highest common factor of 1512379 and 145?
29
Calculate the highest common divisor of 59525 and 35.
5
Calculate the greatest common divisor of 1001 and 21791.
77
What is the highest common factor of 1355295 and 15?
15
Calculate the highest common divisor of 14525 and 3325.
175
What is the greatest common divisor of 1264 and 38864?
16
Calculate the highest common factor of 321 and 196131.
321
Calculate the greatest common factor of 27797 and 7.
7
Calculate the greatest common divisor of 334 and 52271.
167
Calculate the highest common divisor of 3895 and 5330.
205
Calculate the greatest common factor of 180 and 754125.
15
What is the greatest common factor of 5782 and 1036?
14
Calculate the greatest common divisor of 4 and 821024.
4
What is the greatest common factor of 35772 and 5478?
66
What is the highest common factor of 30997 and 3568?
223
What is the greatest common divisor of 37180 and 20?
20
Calculate the greatest common factor of 252 and 5316.
12
What is the greatest common factor of 30146 and 4?
2
Calculate the highest common divisor of 21 and 527667.
21
Calculate the greatest common divisor of 117 and 111761.
13
What is the greatest common factor of 186790 and 20?
10
Calculate the greatest common divisor of 7728 and 3598.
14
What is the greatest common factor of 40520 and 128?
8
Calculate the highest common divisor of 16625 and 6517.
133
What is the highest common factor of 17 and 42109?
17
What is the highest common factor of 528 and 17787?
33
Calculate the greatest common divisor of 14721 and 2107.
7
Calculate the highest common factor of 227 and 1797.
1
Calculate the highest common divisor of 182 and 379236.
26
Calculate the greatest common divisor of 60 and 230496.
12
Calculate the highest common divisor of 18632 and 55760.
136
Calculate the highest common factor of 30152 and 256.
8
Calculate the highest common factor of 1380344 and 56.
56
What is the greatest common divisor of 948 and 78447?
237
What is the highest common divisor of 39424 and 693?
77
Calculate the highest common divisor of 8768 and 9864.
1096
What is the highest common divisor of 187079 and 29?
29
What is the greatest common factor of 68 and 2281502?
34
Calculate the greatest common divisor of 8652 and 40994.
206
Calculate the highest common divisor of 129 and 12950697.
129
What is the highest common divisor of 476 and 1155524?
68
What is the greatest common factor of 6900 and 920?
460
Calculate the greatest common factor of 306 and 2391.
3
What is the highest common factor of 70938 and 7434?
126
What is the highest common factor of 480 and 165?
15
Calculate the greatest common divisor of 253 and 12972.
23
Calculate the highest common factor of 132 and 63844.
44
Calculate the greatest common divisor of 237720 and 315.
105
Calculate the greatest common factor of 2278 and 38828.
34
Calculate the greatest common divisor of 124591 and 161.
23
What is the highest common divisor of 195963 and 996?
249
What is the highest common divisor of 242949 and 483?
483
Calculate the highest common divisor of 579786 and 1491.
213
Calculate the greatest common divisor of 171 and 10899.
9
What is the greatest common divisor of 123006 and 117?
39
Calculate the highest common divisor of 189 and 2052.
27
What is the highest common divisor of 3471 and 429?
39
Calculate the greatest common divisor of 32136 and 3120.
312
Calculate the highest common factor of 17 and 325397.
17
What is the greatest common factor of 40 and 172580?
20
What is the greatest common factor of 18240 and 6042?
114
What is the greatest common factor of 379079 and 548?
137
What is the greatest common factor of 86870 and 17136?
238
What is the greatest common divisor of 271 and 295661?
271
Calculate the greatest common divisor of 345 and 141630.
15
What is the greatest common factor of 1120 and 1344?
224
Calculate the greatest common divisor of 20 and 1403270.
10
Calculate the greatest common divisor of 421364 and 8.
4
What is the highest common factor of 58224 and 1696?
16
Calculate the greatest common divisor of 14 and 137018.
14
What is the highest common factor of 147584 and 3968?
128
Calculate the highest common divisor of 30974 and 544.
34
What is the greatest common factor of 296 and 1591?
37
What is the greatest common divisor of 19316 and 2684?
44
What is the greatest common factor of 68773 and 97?
97
What is the greatest common divisor of 191550 and 300?
150
Calculate the greatest common divisor of 873 and 162.
9
What is the highest common divisor of 6144 and 1408?
128
What is the highest common divisor of 8125 and 52?
13
What is the greatest common factor of 66 and 14883?
33
Calculate the highest common factor of 40130 and 40.
10
Calculate the greatest common factor of 93960 and 375.
15
What is the greatest common divisor of 104 and 16419?
13
Calculate the highest common divisor of 220 and 572600.
20
What is the highest common divisor of 581 and 1079?
83
What is the highest common divisor of 18582 and 5244?
114
What is the highest common divisor of 31134 and 78?
6
What is the highest common factor of 1240 and 181160?
40
What is the greatest common factor of 959592 and 12?
12
What is the greatest common factor of 215592 and 2496?
312
Calculate the greatest common factor of 152 and 32566.
38
What is the highest common factor of 162 and 161919?
81
Calculate the highest common divisor of 157 and 5411633.
157
What is the greatest common divisor of 755801 and 57?
19
Calculate the greatest com